{"id":48,"date":"2024-02-02T12:22:53","date_gmt":"2024-02-02T11:22:53","guid":{"rendered":"https:\/\/tikraduona.lt\/?page_id=48"},"modified":"2026-03-01T19:14:57","modified_gmt":"2026-03-01T18:14:57","slug":"kur-mums-rasti","status":"publish","type":"page","link":"https:\/\/tikraduona.lt\/?page_id=48","title":{"rendered":"Kur mus rasti"},"content":{"rendered":"\n<h2 class=\"wp-block-heading\">Kur mus rasti ?<\/h2>\n\n\n\n<p>\u0160iuo metu kavin\u0117se ir parduotuv\u0117se neprekiaujame. Kepame tik pagal i\u0161ankstinius u\u017esakymus specialiai jums. U\u017esakymus priimame iki tre\u010diadienio 12 val. Duonas \u0161vie\u017eias tik i\u0161 krosnies i\u0161trauktas patys atve\u017eame ketvirtadieniais ir pristatome:<\/p>\n\n\n\n<ul class=\"wp-block-list\">\n<li><strong>Rukainiuose<\/strong>, Vilniaus raj. &#8211; pagal susitarim\u0105 ketvirtadieniais nuo 11:30 iki 12:00 val.<\/li>\n<\/ul>\n\n\n\n<p>Vilniuje:<\/p>\n\n\n\n<ul class=\"wp-block-list\">\n<li><strong>&#8220;Teksas ir Meksas&#8221;<\/strong>, Lazdynuose, Architekt\u0173 g.152, Vilnius. Ketvirtadieniais nuo 13:00 iki 23:00 val.<\/li>\n\n\n\n<li><strong>&#8220;<\/strong><a href=\"https:\/\/www.google.com\/search?client=firefox-b-e&amp;hs=dI8o&amp;sca_esv=8e3f949f37700064&amp;channel=entpr&amp;sxsrf=ANbL-n4GuThy6WbMwBOmtU-RaB5f5Fi5Yg:1767963316157&amp;q=M%C4%97sos+In%C5%BEinerija&amp;si=AL3DRZGNtcdgKOqVhotcr-UG2kkYpwR2WO4qu3O00NmpwBmLnYl9w1tC3STkKRJSW84mD19kMw08Y-L6oT5ndVTS_s-Xp87hut8RJbCb3ZRwPAjIpb4M6ZPZhBZ3vJYpJEO2kRWMIwn4&amp;sa=X&amp;ved=2ahUKEwjvwb3LwP6RAxVaQvEDHUdrL0oQ_coHegQIIxAB\"><strong>M\u0117sos In\u017einerija<\/strong><\/a><strong>&#8220;<\/strong>, PC Pikas, pirmas aukstas, Ukmerges g.221. Ketvirtadieniais nuo 13:30 iki 21:00 val.<\/li>\n\n\n\n<li><strong>&#8220;S\u0105\u017einingas \u016bkis&#8221;<\/strong>, ekologi\u0161k\u0173 produkt\u0173 krautuv\u0117l\u0117je \u017dirm\u016bnuose, Ladygos g. 3, nuo 14:00 iki 18:00 val.<\/li>\n\n\n\n<li><strong>&#8220;Modernist&#8221;<\/strong>, Antakalnyje, T. Kosciu\u0161kos g. 19, nuo 14:30 iki 18:30 val.<\/li>\n\n\n\n<li>&#8220;<strong>Moonart&#8221;<\/strong>, tapybos studija, Naujamiestyje, Naugarduko g. 13. Ketvirtadieniais nuo 15:00 iki 18:00 val.<\/li>\n\n\n\n<li><strong>Pas laikrodinink\u0105 Augenij\u0173<\/strong>, Savanori\u0173 Rimi, Naujamiestyje, Kedr\u0173 g.4, Ketvirtadieniais nuo 15:30 iki 18:30 val.<\/li>\n<\/ul>\n\n\n\n<p><strong>Pas jus !<\/strong> Mes galime prive\u017eti jums Vilniuje u\u017esakymus nuo 35 Eur. Puiki proga pavai\u0161inti kolegas ir kaimynus! \u012ededame \u012f pa\u0161tomatus ir autobus\u0173 siuntas u\u017esakymus nuo 10 eur + siuntimo\/pakavimo i\u0161laidos.<\/p>\n\n\n\n<p><strong>Pas mus ! <\/strong>Smalin\u0117s g. 32, A\u0161men\u0117les kaimas, Vilniaus rajonas. Ketvirtadieniais, nuo 17 val. Tel : 8 622 39063<\/p>\n\n\n\n<figure class=\"wp-block-image size-large\"><img loading=\"lazy\" decoding=\"async\" width=\"1024\" height=\"768\" src=\"https:\/\/tikraduona.lt\/wp-content\/uploads\/2024\/02\/DSC02402-1024x768.jpg\" alt=\"\" class=\"wp-image-51\" srcset=\"https:\/\/tikraduona.lt\/wp-content\/uploads\/2024\/02\/DSC02402-1024x768.jpg 1024w, https:\/\/tikraduona.lt\/wp-content\/uploads\/2024\/02\/DSC02402-300x225.jpg 300w, https:\/\/tikraduona.lt\/wp-content\/uploads\/2024\/02\/DSC02402-768x576.jpg 768w, https:\/\/tikraduona.lt\/wp-content\/uploads\/2024\/02\/DSC02402-1536x1152.jpg 1536w, https:\/\/tikraduona.lt\/wp-content\/uploads\/2024\/02\/DSC02402-2048x1536.jpg 2048w\" sizes=\"auto, (max-width: 1024px) 100vw, 1024px\" \/><\/figure>\n\n\n\n<p><\/p>\n","protected":false},"excerpt":{"rendered":"<p>Kur mus rasti ? \u0160iuo metu kavin\u0117se ir parduotuv\u0117se neprekiaujame. Kepame tik pagal i\u0161ankstinius u\u017esakymus specialiai jums. U\u017esakymus priimame iki tre\u010diadienio 12 val. Duonas \u0161vie\u017eias tik i\u0161 krosnies i\u0161trauktas patys atve\u017eame ketvirtadieniais ir pristatome: Vilniuje: Pas jus ! Mes galime prive\u017eti jums Vilniuje u\u017esakymus nuo 35 Eur. Puiki proga pavai\u0161inti kolegas ir kaimynus! \u012ededame \u012f [&hellip;]<\/p>\n","protected":false},"author":1,"featured_media":0,"parent":0,"menu_order":0,"comment_status":"closed","ping_status":"closed","template":"","meta":{"footnotes":""},"class_list":["post-48","page","type-page","status-publish","hentry"],"_links":{"self":[{"href":"https:\/\/tikraduona.lt\/index.php?rest_route=\/wp\/v2\/pages\/48","targetHints":{"allow":["GET"]}}],"collection":[{"href":"https:\/\/tikraduona.lt\/index.php?rest_route=\/wp\/v2\/pages"}],"about":[{"href":"https:\/\/tikraduona.lt\/index.php?rest_route=\/wp\/v2\/types\/page"}],"author":[{"embeddable":true,"href":"https:\/\/tikraduona.lt\/index.php?rest_route=\/wp\/v2\/users\/1"}],"replies":[{"embeddable":true,"href":"https:\/\/tikraduona.lt\/index.php?rest_route=%2Fwp%2Fv2%2Fcomments&post=48"}],"version-history":[{"count":34,"href":"https:\/\/tikraduona.lt\/index.php?rest_route=\/wp\/v2\/pages\/48\/revisions"}],"predecessor-version":[{"id":434,"href":"https:\/\/tikraduona.lt\/index.php?rest_route=\/wp\/v2\/pages\/48\/revisions\/434"}],"wp:attachment":[{"href":"https:\/\/tikraduona.lt\/index.php?rest_route=%2Fwp%2Fv2%2Fmedia&parent=48"}],"curies":[{"name":"wp","href":"https:\/\/api.w.org\/{rel}","templated":true}]}}